((-2)/(-12)) is divided by (3/5)/((-5)/(-25)).
2
Let h = 211 - 188. What is the remainder when 108 is divided by h?
16
Let b(v) be the third derivative of -v**5/60 + v**4/3 + v**3/2 + v**2. Suppose 20 = -3*i + 5, 52 = 4*q - 4*i. Calculate the remainder when 9 is divided by b(q).
0
Let x(s) = -14*s + 2. Let h be x(-1). Suppose -2*t + h = -12. What is the remainder when 39 is divided by t?
11
Suppose 0 = -5*m, -4*m + 7 = -u + 92. Calculate the remainder when u is divided by 29.
27
Suppose 5*s - 4*c - 37 = -0*s, c + 16 = 2*s. Let g = s - -7. Calculate the remainder when (-1200)/(-26) + 2/(-13) is divided by g.
14
Let m(k) = -11*k + 0 + 4*k**3 + 1 - 3*k**3 - 10*k**2. Let b be m(11). Suppose 2*i + b = 25. Calculate the remainder when 33 is divided by i.
9
Let f(a) = -5 + 6 - 2 - 5*a. Let v be f(-1). Suppose -3*l = -2*l - v. What is the remainder when 6 is divided by l?
2
Let n be 0/(1/(-3)*-3). Suppose n = -3*t - 0*t + 21. Suppose 2*d - r + 5*r = -4, 3*r + 29 = 5*d. What is the remainder when t is divided by d?
3
Calculate the remainder when 46 is divided by (-2 - 0)/((-78)/(-20) + -4).
6
Suppose 3*w - 5*a - 4 = 0, 4*w + 5*a = 42 + 10. What is the remainder when w is divided by 3?
2
Let c(l) = l**2 + 2. Suppose -8 = -4*f + 20. What is the remainder when c(-3) is divided by f?
4
Let v = 164 + 68. Suppose 3*p = -p + v. Calculate the remainder when p is divided by 7/((-147)/(-6)) - 1339/(-91).
13
Let m = -20 + 16. Let k(c) = -2*c**3 - 6*c**2 - 6*c - 6. What is the remainder when k(m) is divided by 13?
11
Let c(t) be the second derivative of t**5/20 - t**4/2 + 5*t**3/6 + t**2 - t. Let x = 51 + -46. Calculate the remainder when c(x) is divided by 2.
0
Suppose -7*g = 76 - 433. Calculate the remainder when g is divided by 18.
15
Let x(i) = -2*i - 5. Let t be x(-4). Calculate the remainder when 22 is divided by (-18)/(t/(-2) + 0).
10
Let v = 9 + -6. Let n = -3 - -8. What is the remainder when n is divided by v?
2
Let g(j) be the second derivative of j**4/12 + j**3/3 - 3*j**2/2 - 4*j. What is the remainder when 8 is divided by g(-4)?
3
Suppose -2*d - d - 3 = 0. Suppose -4*l + 10 = -b, -b - 3*b + 50 = 2*l. Calculate the remainder when b is divided by d/5 - (-31)/5.
4
Suppose 28*h - 228 = 26*h. What is the remainder when h is divided by 13?
10
Let l be 6/(-4) + (-4)/(-8). Let b(v) = v**2 - 5*v + 1. What is the remainder when -2 + 5 + l + -1 is divided by b(5)?
0
Let c(i) = i + 4. Let u be c(5). Suppose a - 3*k - 23 = 0, k + 2*k - 17 = -4*a. Calculate the remainder when ((-138)/u)/((-10)/15) is divided by a.
7
Let s(c) = c**3 + 4*c**2 + 3*c. Let a be s(-2). Suppose 0 = -2*f - 2 - 0. What is the remainder when 10 is divided by f/a - (-52)/8?
4
Suppose t - 6*u = -2*u + 36, 0 = -5*t - 2*u + 180. Calculate the remainder when t is divided by 10.
6
Suppose 5*v - 5*k - 4 = 221, v = 4*k + 60. What is the remainder when v is divided by 11?
7
Let z = 76 + -22. Suppose w + 3*f + 8 = 0, 3*w + 24 = -2*f - 3*f. Let d(c) = -3*c - 10. What is the remainder when z is divided by d(w)?
12
Let i = 61 - 16. Calculate the remainder when 27 is divided by -4*(i/(-6) + 4).
13
Let d(k) = 2*k**2 - 2*k - 9. Let m(q) = 2*q**2 - q - 10. Let t(h) = 5*d(h) - 4*m(h). Calculate the remainder when t(-4) is divided by 13.
12
Let f = 465 - 435. Suppose 0 = w - 4*w + 24. What is the remainder when f is divided by w?
6
Let a(q) = -q**3 - 5*q**2 + 4*q + 23. What is the remainder when a(-7) is divided by 16?
13
Let y(x) = x**2 - 5*x + 4. Let a be y(4). Suppose -m = -3*l - a*m + 31, -2*m + 4 = 0. Calculate the remainder when (3/4)/((-3)/(-84)) is divided by l.
10
Let y = -57 - -99. What is the remainder when 81 is divided by (y/(-4))/((-2)/4)?
18
Let x = 0 + 14. Suppose -3*c + 4 = -2. Suppose 8 = -c*p + 88. What is the remainder when p is divided by x?
12
Let n = 104 + -60. Suppose -3*t + n = t. What is the remainder when t is divided by 7?
4
Suppose -1 + 16 = 5*n. Suppose 2*s - 4*w - 21 = n, -4*w = 0. Suppose -2*l - 24 = -4*v + 122, -2*v + 58 = 4*l. Calculate the remainder when v is divided by s.
11
Let i(m) = 2*m - 9. Let a be i(6). Suppose a*k = -k. Suppose 0 = -4*c - k*c + 48. What is the remainder when 35 is divided by c?
11
Suppose 24 = z + 55. Let l be (-1)/(1/34*2). Let x = l - z. Calculate the remainder when x is divided by 5.
4
Let m be 2/((-4)/(-26)) - -2. Let o = 41 - m. Calculate the remainder when 102 is divided by o.
24
Suppose 0 = -5*c - 53 + 153. Calculate the remainder when 58 is divided by c.
18
Let k(x) = -3*x - 10. Let n be k(-4). Let d = 7 + n. What is the remainder when 42 is divided by d?
6
Suppose 10*t - 366 = 4*t. Calculate the remainder when t is divided by 9.
7
Let d(f) = -18*f - 3. Let g be d(-2). Calculate the remainder when (836/g)/((-2)/(-6)) is divided by 26.
24
Suppose -10 = 4*m - 2*g, -6*m - 3*g + 5 = -2*m. Let i be -19*(-2)/(-1 + m). Let j = i + 29. Calculate the remainder when 28 is divided by j.
8
Suppose -3*h = -3*d - 30, 0*d - 2*h = d - 2. Let r(x) be the second derivative of -4*x**3/3 - x**2 + 2*x. What is the remainder when r(d) is divided by 16?
14
Suppose 6 + 0 = -3*u. Let b(d) = d**2 - d + 15. What is the remainder when b(0) is divided by u*(-2)/4 - -8?
6
What is the remainder when (0 + 117)*6/18 is divided by 14?
11
Let f = 39 - 17. Let j = 35 + -15. Calculate the remainder when f is divided by 5/j + (-46)/(-8).
4
Suppose f = -2*f - 5*a + 47, -38 = -3*f + 4*a. What is the remainder when 55 is divided by f?
13
Let a(w) be the third derivative of w**6/120 - w**5/12 + w**3/2 - w**2. Let b be a(5). Suppose s - b = 16. What is the remainder when s is divided by 7?
5
Let a = 24 - -21. Calculate the remainder when a is divided by 24.
21
Let a(o) = o**3 - o**2 + o + 138. Let d be a(0). Suppose -12 + 0 = -4*u. Suppose -d - 9 = -u*j. Calculate the remainder when j is divided by 17.
15
Suppose 3*m + 0*m - 57 = 0. What is the remainder when 72 is divided by m?
15
Suppose -2*p - 5*s = 3*p - 670, 3*p = 2*s + 382. Suppose 0 = -g - g + p. Calculate the remainder when g is divided by 22.
21
Let l be 1/5 + (-70)/(-25). Let m be l/(-2)*20/(-6). Suppose 2*o + 168 = 4*q + 4*o, 210 = 5*q - m*o. What is the remainder when q is divided by 11?
9
Suppose 2*o = 10, 5*k - 5*o + 5 = 150. Calculate the remainder when k is divided by 9.
7
Suppose -4*m + 45 = -3*m. Let w = -11 - -27. What is the remainder when m is divided by w?
13
Let w = 5 - -3. Let g(u) = 3*u**2 - 4 - 5*u**2 + 3*u + 3*u**2. Calculate the remainder when g(-6) is divided by w.
6
Let v be (1 - 4 - -3) + -2. Let o(n) = 9*n + 8. Let k(r) = -r**2 + r + 1. Let p(x) = -6*k(x) + o(x). Calculate the remainder when 59 is divided by p(v).
19
Let r be (-42)/9 - 4/(-6). What is the remainder when 66 is divided by 70/4 - (-2)/r?
15
What is the remainder when -31*(0 + 0 + -1) is divided by (1 - (-26)/(-22)) + 3936/352?
9
Calculate the remainder when (-2 + 22/(-4))*(-32)/10 is divided by 13.
11
Suppose 0*o = -3*o + 2*p + 158, -p = -2*o + 104. What is the remainder when o is divided by 13?
11
Suppose 4*g = -z + 161, -5*z - 2 = -g + 12. Let l(n) = -n**3 + 2*n**2 + n. Let c be l(2). Suppose s + g = c*s. What is the remainder when s is divided by 20?
19
Suppose 0 = u, -3*g + 0*u = 4*u - 126. Calculate the remainder when g is divided by 11.
9
Suppose 67 + 1393 = 4*a. Suppose 0 = d - 2*n + 30 - 100, 5*d + 5*n - a = 0. Suppose 3*z = -z + d. Calculate the remainder when z is divided by 5.
3
Calculate the remainder when (-4)/20 - 91/(-5) is divided by 7.
4
Suppose -12 = -3*k + 2*k. Suppose 7*y = 63 + 91. What is the remainder when y is divided by k?
10
Calculate the remainder when 489/18 - (-5)/(-30) is divided by 14.
13
Let r = -39 + 57. What is the remainder when 9 - 8 - 2*-25 is divided by r?
15
Let w = -5 + 8. Let v be ((-2)/w)/((-4)/(-18)). What is the remainder when 32 is divided by (1/v)/(5/(-255))?
15
Suppose 3*r + 10 = -2*r. Calculate the remainder when (-45)/(-6) + 1/r is divided by 2.
1
Let s(f) = -3*f - 8. Calculate the remainder when s(-8) is divided by 6.
4
Let h be (14 - 1)/((-3)/(-9)). Let t(r) = -r**3 + 5*r**2 - 2*r. Let d be t(4). Let l = h - d. What is the remainder when l is divided by 11?
9
Let u = 79 + -39. Let s(h) = 2*h - 3. Let n be s(9). What is the remainder when u is divided by ((-126)/n)/((-4)/10)?
19
Suppose 